{"id":1276,"date":"2022-06-25T06:48:25","date_gmt":"2022-06-25T06:48:25","guid":{"rendered":"https:\/\/redalforja.org.gt\/mediateca\/?page_id=1276"},"modified":"2022-06-25T07:35:13","modified_gmt":"2022-06-25T07:35:13","slug":"musicas-de-historias-comunes","status":"publish","type":"page","link":"https:\/\/redalforja.org.gt\/mediateca\/musicas-de-historias-comunes\/","title":{"rendered":"M\u00fasicas de Historias Comunes"},"content":{"rendered":"\n<h4><a href=\"https:\/\/www.youtube.com\/watch?v=VLLyzqkH6cs&amp;list=PLhHLUyXNNdxshBMoGdeuMKCNvnozlf8Sx&amp;index=1\">1)Vivir Quintana &#8211; Canci\u00f3n sin miedo ft. El Palomar<\/a><\/h4>\n\n\n\n<h4><a href=\"https:\/\/www.youtube.com\/watch?v=VLJDrHyQcV8&amp;list=PLhHLUyXNNdxshBMoGdeuMKCNvnozlf8Sx&amp;index=2\">2) La Marcha Del Macizo<\/a><\/h4>\n\n\n\n<h4><a href=\"https:\/\/www.youtube.com\/watch?v=uwR6VgQ1mOE&amp;list=PLhHLUyXNNdxshBMoGdeuMKCNvnozlf8Sx&amp;index=3\">3) Himno de la Guardia Ind\u00edgena &#8211; Guardia Fuerza ft. Andrea Echeverry, Ali Aka Mind, Chane Meza &#8230;<\/a><\/h4>\n\n\n\n<h4><a href=\"https:\/\/www.youtube.com\/watch?v=j7Ufuivbqc0&amp;list=PLhHLUyXNNdxshBMoGdeuMKCNvnozlf8Sx&amp;index=4\">4) Una mujer\u00bb Buena Fe y Luna Manzanares &#8211; Video Oficial<\/a><\/h4>\n\n\n\n<h4><a href=\"https:\/\/www.youtube.com\/watch?v=h58P42LhFZk&amp;list=PLhHLUyXNNdxshBMoGdeuMKCNvnozlf8Sx&amp;index=5\">5) Joaqu\u00edn Sabina y Pablo Milan\u00e9s &#8211; La canci\u00f3n m\u00e1s hermosa del mundo<\/a><\/h4>\n\n\n\n<h4><a href=\"https:\/\/www.youtube.com\/watch?v=V9ThITo0J-Y&amp;list=PLhHLUyXNNdxshBMoGdeuMKCNvnozlf8Sx&amp;index=6\">6) Leon Gieco, Jaime L\u00f3pez &#8211; Todo Se Quema<\/a><\/h4>\n\n\n\n<h4><a href=\"https:\/\/www.youtube.com\/watch?v=IqxMGNOm4pk&amp;list=PLhHLUyXNNdxshBMoGdeuMKCNvnozlf8Sx&amp;index=7\">7) Mercedes Sosa &#8211; Canci\u00f3n Con Todos<\/a><\/h4>\n\n\n\n<h4><a href=\"https:\/\/www.youtube.com\/watch?v=o1NhcoiGu4E&amp;list=PLhHLUyXNNdxshBMoGdeuMKCNvnozlf8Sx&amp;index=8\">8) De Mi Esperanza<\/a><\/h4>\n\n\n\n<h4><a href=\"https:\/\/www.youtube.com\/watch?v=8WPkAI86vjU&amp;list=PLhHLUyXNNdxshBMoGdeuMKCNvnozlf8Sx&amp;index=9\">9) \u00d1emity &#8211; Vocal Dos<\/a><\/h4>\n\n\n\n<h4><a href=\"https:\/\/www.youtube.com\/watch?v=GdLq7s3rvzU&amp;list=PLhHLUyXNNdxshBMoGdeuMKCNvnozlf8Sx&amp;index=10\">10) Sara Curruchich &#8211; Ixoqi&#8217; (official audio)<\/a><\/h4>\n\n\n\n<h4><a href=\"https:\/\/www.youtube.com\/watch?v=-hw4vuAyvj8&amp;list=PLhHLUyXNNdxshBMoGdeuMKCNvnozlf8Sx&amp;index=11\">11) Alma Mestiza &#8211; Rebeca Lane (Alma Mestiza)<\/a><\/h4>\n\n\n\n<h4><a href=\"https:\/\/www.youtube.com\/watch?v=BHmRvYB33Vo&amp;list=PLhHLUyXNNdxshBMoGdeuMKCNvnozlf8Sx&amp;index=12\">12) Tango de las madres locas (Carlos CanoTango de las madres locas (Carlos Cano)<\/a><\/h4>\n\n\n\n<h4><a href=\"https:\/\/www.youtube.com\/watch?v=GBxkpkj9If8&amp;list=PLhHLUyXNNdxshBMoGdeuMKCNvnozlf8Sx&amp;index=13\">13) Lila Downs &#8211; Clandestino<\/a><\/h4>\n\n\n\n<h4><a href=\"https:\/\/www.youtube.com\/watch?v=XkXise2bHE0&amp;list=PLhHLUyXNNdxshBMoGdeuMKCNvnozlf8Sx&amp;index=14\">14) Victor Jara &#8211; El Derecho de Vivir en Paz (audio oficial)<\/a><\/h4>\n\n\n\n<h4><a href=\"https:\/\/www.youtube.com\/watch?v=RoKoj8bFg2E&amp;list=PLhHLUyXNNdxshBMoGdeuMKCNvnozlf8Sx&amp;index=15\">15) Antipatriarca &#8211; Ana Tijoux (Official Music Video)<\/a><\/h4>\n\n\n\n<h4><a href=\"https:\/\/www.youtube.com\/watch?v=AQXjZ1iTw6w&amp;list=PLhHLUyXNNdxshBMoGdeuMKCNvnozlf8Sx&amp;index=16\">16) Raly Barrionuevo &#8211; Chacarera del Exilio (Encuentro en el estudio)<\/a><\/h4>\n\n\n\n<h4><a href=\"https:\/\/www.youtube.com\/watch?v=dTzx6gV5LdQ&amp;list=PLhHLUyXNNdxshBMoGdeuMKCNvnozlf8Sx&amp;index=17\">17) Canci\u00f3n Sin Miedo, Colombia<\/a><\/h4>\n\n\n\n<h4><a href=\"https:\/\/www.youtube.com\/watch?v=JCWGOUlqq4k&amp;list=PLhHLUyXNNdxshBMoGdeuMKCNvnozlf8Sx&amp;index=18\">18) Un Derecho de Nacimiento<\/a><\/h4>\n\n\n\n<h4><a href=\"https:\/\/www.youtube.com\/watch?v=GBF1sEqGzGw&amp;list=PLhHLUyXNNdxshBMoGdeuMKCNvnozlf8Sx&amp;index=19\">19) Para la guerra nada- Marta G\u00f3mez canci\u00f3n completa<\/a><\/h4>\n\n\n\n<h4><a href=\"https:\/\/www.youtube.com\/watch?v=GBF1sEqGzGw&amp;list=PLhHLUyXNNdxshBMoGdeuMKCNvnozlf8Sx&amp;index=19\">20) Para la guerra nada- Marta G\u00f3mez canci\u00f3n completa<\/a><\/h4>\n\n\n\n<h4><a href=\"https:\/\/www.youtube.com\/watch?v=hNRNgtVNVz8&amp;list=PLhHLUyXNNdxshBMoGdeuMKCNvnozlf8Sx&amp;index=21\">21) A la luz de la risa de las mujeres<\/a><\/h4>\n\n\n\n<h4><a href=\"https:\/\/www.youtube.com\/watch?v=7Fh47uaqJKc&amp;list=PLhHLUyXNNdxshBMoGdeuMKCNvnozlf8Sx&amp;index=21\">22) El Rey Pobre -Jorge Velosa<\/a><\/h4>\n\n\n\n<h4><a href=\"https:\/\/www.youtube.com\/watch?v=KzLcIx383kA&amp;list=PLhHLUyXNNdxshBMoGdeuMKCNvnozlf8Sx&amp;index=22\">23) Al\u00ed Primera &#8211; Madre d\u00e9jame luchar<\/a><\/h4>\n\n\n\n<h4><a href=\"https:\/\/www.youtube.com\/watch?v=Eer3L_ampvE&amp;list=PLhHLUyXNNdxshBMoGdeuMKCNvnozlf8Sx&amp;index=23\">24) Himno Del Guerrillero (CUBA)23) Himno Del Guerrillero (CUBA)<\/a><\/h4>\n\n\n\n<h4><a href=\"https:\/\/www.youtube.com\/watch?v=scAvrr5P9ME&amp;list=PLhHLUyXNNdxshBMoGdeuMKCNvnozlf8Sx&amp;index=24\">25) Estreno- Kalamarka &#8211; Otro mundo es posible<\/a><\/h4>\n\n\n\n<h4><a href=\"https:\/\/www.youtube.com\/watch?v=gdr5egQOcUY&amp;list=PLhHLUyXNNdxshBMoGdeuMKCNvnozlf8Sx&amp;index=25\">26) Mi Casa.cu\u00bb Tony Avila (Official Video) director Alfredo Ureta<\/a><\/h4>\n\n\n\n<h4><a href=\"https:\/\/www.youtube.com\/watch?v=jBNgDYJjZP8&amp;list=PLhHLUyXNNdxshBMoGdeuMKCNvnozlf8Sx&amp;index=26\">27) Havana D&#8217;Primera &#8211; Me Dicen Cuba (Official Video)<\/a><\/h4>\n\n\n\n<h4><a href=\"https:\/\/www.youtube.com\/watch?v=IHBJmjz6Mh4&amp;list=PLhHLUyXNNdxshBMoGdeuMKCNvnozlf8Sx&amp;index=27\">28) Buena Fe, Omara Portuondo, Yomil y el Dany &#8211; Musica Vital (Video Oficial)<\/a><\/h4>\n\n\n\n<h4><a href=\"https:\/\/www.youtube.com\/watch?v=3HlhUKWhm9A&amp;list=PLhHLUyXNNdxshBMoGdeuMKCNvnozlf8Sx&amp;index=28\">29) Tony Avila &#8211; El Mundo de los Mas<\/a><\/h4>\n\n\n\n<h4><a href=\"https:\/\/www.youtube.com\/watch?v=62RSfIBzID8&amp;list=PLhHLUyXNNdxshBMoGdeuMKCNvnozlf8Sx&amp;index=29\">30) Mujer De Carne y Hueso &#8211; Guayacan Orquesta.wmv<\/a><\/h4>\n\n\n\n<h4><a href=\"https:\/\/www.youtube.com\/watch?v=OOqnZI9YSFA&amp;list=PLhHLUyXNNdxshBMoGdeuMKCNvnozlf8Sx&amp;index=30\">31) Las Mujeres del Cua<\/a><\/h4>\n\n\n\n<h4><a href=\"https:\/\/www.youtube.com\/watch?v=nA2-ouDrMzU&amp;list=PLhHLUyXNNdxshBMoGdeuMKCNvnozlf8Sx&amp;index=31\">32) Grupo Pancas\u00e1n &#8211; Maria Rural<\/a><\/h4>\n\n\n\n<h4><a href=\"https:\/\/www.youtube.com\/watch?v=SbVq5tB_egc&amp;list=PLhHLUyXNNdxshBMoGdeuMKCNvnozlf8Sx&amp;index=32\">33) La Misa Campesina &#8211; \u00abCanto De Meditacion\u00bb &#8211; Version Poo &#8211; Internacional &#8211; 1979<\/a><\/h4>\n\n\n\n<h4><a href=\"https:\/\/www.youtube.com\/watch?v=-1atJNmTceU&amp;list=PLhHLUyXNNdxshBMoGdeuMKCNvnozlf8Sx&amp;index=33\">34) Chabuca Granda El Fusil del Poeta es una rosa<\/a><\/h4>\n\n\n\n<h4><a href=\"https:\/\/www.youtube.com\/watch?v=Ycr_hZCMRLo&amp;list=PLhHLUyXNNdxshBMoGdeuMKCNvnozlf8Sx&amp;index=34\">35) Rafo Raez \/ Los Regalos del Viento<\/a><\/h4>\n\n\n\n<h4><a href=\"https:\/\/www.youtube.com\/watch?v=4gOZ0zGFge4&amp;list=PLhHLUyXNNdxshBMoGdeuMKCNvnozlf8Sx&amp;index=35\">36) voz propia\/lentes amarillos<\/a><\/h4>\n\n\n\n<h4><a href=\"https:\/\/www.youtube.com\/watch?v=uBXOhYt0pHE&amp;list=PLhHLUyXNNdxshBMoGdeuMKCNvnozlf8Sx&amp;index=36\">37) La Paz y La Dicha &#8211; Papa Chacalon<\/a><\/h4>\n\n\n\n<h4><a href=\"https:\/\/www.youtube.com\/watch?v=aafB_jPfQvU&amp;list=PLhHLUyXNNdxshBMoGdeuMKCNvnozlf8Sx&amp;index=37\">38) Flor de Retama &#8211; Martina Portocarrero<\/a><\/h4>\n\n\n\n<h4><a href=\"https:\/\/www.youtube.com\/watch?v=2aZ2jpbSzbQ&amp;list=PLhHLUyXNNdxshBMoGdeuMKCNvnozlf8Sx&amp;index=38\">39) No Basta Rezar<\/a><\/h4>\n\n\n\n<h4><a href=\"https:\/\/www.youtube.com\/watch?v=MUaBfWTQOMQ&amp;list=PLhHLUyXNNdxshBMoGdeuMKCNvnozlf8Sx&amp;index=39\">40) Carnaval Day &#8211; Walter Ferguson<\/a><\/h4>\n\n\n\n<h4><a href=\"https:\/\/www.youtube.com\/watch?v=_Qt6PXwvmWY&amp;list=PLhHLUyXNNdxshBMoGdeuMKCNvnozlf8Sx&amp;index=40\">41) Carey y Arena &#8211; Versi\u00f3n en alta calidad<\/a><\/h4>\n\n\n\n<h4><a href=\"https:\/\/www.youtube.com\/watch?v=YqlRDOkxYFk&amp;list=PLhHLUyXNNdxshBMoGdeuMKCNvnozlf8Sx&amp;index=41\">42) Casa Abierta<\/a><\/h4>\n\n\n\n<h4><a href=\"https:\/\/www.youtube.com\/watch?v=WOlrB8rMtZs&amp;list=PLhHLUyXNNdxshBMoGdeuMKCNvnozlf8Sx&amp;index=42\">43) Yolocamba Ita Regalo Para Un Ni\u00f1o<\/a><\/h4>\n\n\n\n<h4><a href=\"https:\/\/www.youtube.com\/watch?v=ek6Qu24ej8A&amp;list=PLhHLUyXNNdxshBMoGdeuMKCNvnozlf8Sx&amp;index=43\">44) Poema De Amor (Roque Dalton 1935-1975) EL SALVADOR COMPATRIOTAS (HD LIMPIO)<\/a><\/h4>\n\n\n\n<h4><a href=\"https:\/\/www.youtube.com\/watch?v=spmstIR245A&amp;list=PLhHLUyXNNdxshBMoGdeuMKCNvnozlf8Sx&amp;index=44\">45) Jorge Isaac Carvallo &#8211; Campesino Aprende a Leer43) Jorge Isaac Carvallo &#8211; Campesino Aprende a Leer<\/a><\/h4>\n\n\n\n<h4><a href=\"https:\/\/www.youtube.com\/watch?v=Yjx7IBhpCR4&amp;list=PLhHLUyXNNdxshBMoGdeuMKCNvnozlf8Sx&amp;index=45\">46)Nelson \u00c1valos &#8211; Lengua del mundo<\/a><\/h4>\n\n\n\n<h4><a href=\"https:\/\/www.youtube.com\/watch?v=-UkAKZ72Jf0&amp;list=PLhHLUyXNNdxshBMoGdeuMKCNvnozlf8Sx&amp;index=46\">47)Nelson \u00c1valos &#8211; La dominguera<\/a><\/h4>\n","protected":false},"excerpt":{"rendered":"<p>1)Vivir Quintana &#8211; Canci\u00f3n sin miedo ft. El Palomar 2) La Marcha Del Macizo 3) Himno de la Guardia Ind\u00edgena &#8211; Guardia Fuerza ft. Andrea Echeverry, Ali Aka Mind, Chane&#8230; <a href=\"https:\/\/redalforja.org.gt\/mediateca\/musicas-de-historias-comunes\/\">Leer m\u00e1s &raquo;<\/a><\/p>\n","protected":false},"author":3,"featured_media":0,"parent":0,"menu_order":0,"comment_status":"closed","ping_status":"closed","template":"","meta":[],"post_mailing_queue_ids":[],"_links":{"self":[{"href":"https:\/\/redalforja.org.gt\/mediateca\/wp-json\/wp\/v2\/pages\/1276"}],"collection":[{"href":"https:\/\/redalforja.org.gt\/mediateca\/wp-json\/wp\/v2\/pages"}],"about":[{"href":"https:\/\/redalforja.org.gt\/mediateca\/wp-json\/wp\/v2\/types\/page"}],"author":[{"embeddable":true,"href":"https:\/\/redalforja.org.gt\/mediateca\/wp-json\/wp\/v2\/users\/3"}],"replies":[{"embeddable":true,"href":"https:\/\/redalforja.org.gt\/mediateca\/wp-json\/wp\/v2\/comments?post=1276"}],"version-history":[{"count":28,"href":"https:\/\/redalforja.org.gt\/mediateca\/wp-json\/wp\/v2\/pages\/1276\/revisions"}],"predecessor-version":[{"id":1306,"href":"https:\/\/redalforja.org.gt\/mediateca\/wp-json\/wp\/v2\/pages\/1276\/revisions\/1306"}],"wp:attachment":[{"href":"https:\/\/redalforja.org.gt\/mediateca\/wp-json\/wp\/v2\/media?parent=1276"}],"curies":[{"name":"wp","href":"https:\/\/api.w.org\/{rel}","templated":true}]}}

Músicas de Historias Comunes

<h4><a href="https://www.youtube.com/watch?v=VLLyzqkH6cs&amp;list=PLhHLUyXNNdxshBMoGdeuMKCNvnozlf8Sx&amp;index=1">1)Vivir Quintana &#8211; Canción sin miedo ft. El Palomar</a></h4>



<h4><a href="https://www.youtube.com/watch?v=VLJDrHyQcV8&amp;list=PLhHLUyXNNdxshBMoGdeuMKCNvnozlf8Sx&amp;index=2">2) La Marcha Del Macizo</a></h4>



<h4><a href="https://www.youtube.com/watch?v=uwR6VgQ1mOE&amp;list=PLhHLUyXNNdxshBMoGdeuMKCNvnozlf8Sx&amp;index=3">3) Himno de la Guardia Indígena &#8211; Guardia Fuerza ft. Andrea Echeverry, Ali Aka Mind, Chane Meza &#8230;</a></h4>



<h4><a href="https://www.youtube.com/watch?v=j7Ufuivbqc0&amp;list=PLhHLUyXNNdxshBMoGdeuMKCNvnozlf8Sx&amp;index=4">4) Una mujer» Buena Fe y Luna Manzanares &#8211; Video Oficial</a></h4>



<h4><a href="https://www.youtube.com/watch?v=h58P42LhFZk&amp;list=PLhHLUyXNNdxshBMoGdeuMKCNvnozlf8Sx&amp;index=5">5) Joaquín Sabina y Pablo Milanés &#8211; La canción más hermosa del mundo</a></h4>



<h4><a href="https://www.youtube.com/watch?v=V9ThITo0J-Y&amp;list=PLhHLUyXNNdxshBMoGdeuMKCNvnozlf8Sx&amp;index=6">6) Leon Gieco, Jaime López &#8211; Todo Se Quema</a></h4>



<h4><a href="https://www.youtube.com/watch?v=IqxMGNOm4pk&amp;list=PLhHLUyXNNdxshBMoGdeuMKCNvnozlf8Sx&amp;index=7">7) Mercedes Sosa &#8211; Canción Con Todos</a></h4>



<h4><a href="https://www.youtube.com/watch?v=o1NhcoiGu4E&amp;list=PLhHLUyXNNdxshBMoGdeuMKCNvnozlf8Sx&amp;index=8">8) De Mi Esperanza</a></h4>



<h4><a href="https://www.youtube.com/watch?v=8WPkAI86vjU&amp;list=PLhHLUyXNNdxshBMoGdeuMKCNvnozlf8Sx&amp;index=9">9) Ñemity &#8211; Vocal Dos</a></h4>



<h4><a href="https://www.youtube.com/watch?v=GdLq7s3rvzU&amp;list=PLhHLUyXNNdxshBMoGdeuMKCNvnozlf8Sx&amp;index=10">10) Sara Curruchich &#8211; Ixoqi&#8217; (official audio)</a></h4>



<h4><a href="https://www.youtube.com/watch?v=-hw4vuAyvj8&amp;list=PLhHLUyXNNdxshBMoGdeuMKCNvnozlf8Sx&amp;index=11">11) Alma Mestiza &#8211; Rebeca Lane (Alma Mestiza)</a></h4>



<h4><a href="https://www.youtube.com/watch?v=BHmRvYB33Vo&amp;list=PLhHLUyXNNdxshBMoGdeuMKCNvnozlf8Sx&amp;index=12">12) Tango de las madres locas (Carlos CanoTango de las madres locas (Carlos Cano)</a></h4>



<h4><a href="https://www.youtube.com/watch?v=GBxkpkj9If8&amp;list=PLhHLUyXNNdxshBMoGdeuMKCNvnozlf8Sx&amp;index=13">13) Lila Downs &#8211; Clandestino</a></h4>



<h4><a href="https://www.youtube.com/watch?v=XkXise2bHE0&amp;list=PLhHLUyXNNdxshBMoGdeuMKCNvnozlf8Sx&amp;index=14">14) Victor Jara &#8211; El Derecho de Vivir en Paz (audio oficial)</a></h4>



<h4><a href="https://www.youtube.com/watch?v=RoKoj8bFg2E&amp;list=PLhHLUyXNNdxshBMoGdeuMKCNvnozlf8Sx&amp;index=15">15) Antipatriarca &#8211; Ana Tijoux (Official Music Video)</a></h4>



<h4><a href="https://www.youtube.com/watch?v=AQXjZ1iTw6w&amp;list=PLhHLUyXNNdxshBMoGdeuMKCNvnozlf8Sx&amp;index=16">16) Raly Barrionuevo &#8211; Chacarera del Exilio (Encuentro en el estudio)</a></h4>



<h4><a href="https://www.youtube.com/watch?v=dTzx6gV5LdQ&amp;list=PLhHLUyXNNdxshBMoGdeuMKCNvnozlf8Sx&amp;index=17">17) Canción Sin Miedo, Colombia</a></h4>



<h4><a href="https://www.youtube.com/watch?v=JCWGOUlqq4k&amp;list=PLhHLUyXNNdxshBMoGdeuMKCNvnozlf8Sx&amp;index=18">18) Un Derecho de Nacimiento</a></h4>



<h4><a href="https://www.youtube.com/watch?v=GBF1sEqGzGw&amp;list=PLhHLUyXNNdxshBMoGdeuMKCNvnozlf8Sx&amp;index=19">19) Para la guerra nada- Marta Gómez canción completa</a></h4>



<h4><a href="https://www.youtube.com/watch?v=GBF1sEqGzGw&amp;list=PLhHLUyXNNdxshBMoGdeuMKCNvnozlf8Sx&amp;index=19">20) Para la guerra nada- Marta Gómez canción completa</a></h4>



<h4><a href="https://www.youtube.com/watch?v=hNRNgtVNVz8&amp;list=PLhHLUyXNNdxshBMoGdeuMKCNvnozlf8Sx&amp;index=21">21) A la luz de la risa de las mujeres</a></h4>



<h4><a href="https://www.youtube.com/watch?v=7Fh47uaqJKc&amp;list=PLhHLUyXNNdxshBMoGdeuMKCNvnozlf8Sx&amp;index=21">22) El Rey Pobre -Jorge Velosa</a></h4>



<h4><a href="https://www.youtube.com/watch?v=KzLcIx383kA&amp;list=PLhHLUyXNNdxshBMoGdeuMKCNvnozlf8Sx&amp;index=22">23) Alí Primera &#8211; Madre déjame luchar</a></h4>



<h4><a href="https://www.youtube.com/watch?v=Eer3L_ampvE&amp;list=PLhHLUyXNNdxshBMoGdeuMKCNvnozlf8Sx&amp;index=23">24) Himno Del Guerrillero (CUBA)23) Himno Del Guerrillero (CUBA)</a></h4>



<h4><a href="https://www.youtube.com/watch?v=scAvrr5P9ME&amp;list=PLhHLUyXNNdxshBMoGdeuMKCNvnozlf8Sx&amp;index=24">25) Estreno- Kalamarka &#8211; Otro mundo es posible</a></h4>



<h4><a href="https://www.youtube.com/watch?v=gdr5egQOcUY&amp;list=PLhHLUyXNNdxshBMoGdeuMKCNvnozlf8Sx&amp;index=25">26) Mi Casa.cu» Tony Avila (Official Video) director Alfredo Ureta</a></h4>



<h4><a href="https://www.youtube.com/watch?v=jBNgDYJjZP8&amp;list=PLhHLUyXNNdxshBMoGdeuMKCNvnozlf8Sx&amp;index=26">27) Havana D&#8217;Primera &#8211; Me Dicen Cuba (Official Video)</a></h4>



<h4><a href="https://www.youtube.com/watch?v=IHBJmjz6Mh4&amp;list=PLhHLUyXNNdxshBMoGdeuMKCNvnozlf8Sx&amp;index=27">28) Buena Fe, Omara Portuondo, Yomil y el Dany &#8211; Musica Vital (Video Oficial)</a></h4>



<h4><a href="https://www.youtube.com/watch?v=3HlhUKWhm9A&amp;list=PLhHLUyXNNdxshBMoGdeuMKCNvnozlf8Sx&amp;index=28">29) Tony Avila &#8211; El Mundo de los Mas</a></h4>



<h4><a href="https://www.youtube.com/watch?v=62RSfIBzID8&amp;list=PLhHLUyXNNdxshBMoGdeuMKCNvnozlf8Sx&amp;index=29">30) Mujer De Carne y Hueso &#8211; Guayacan Orquesta.wmv</a></h4>



<h4><a href="https://www.youtube.com/watch?v=OOqnZI9YSFA&amp;list=PLhHLUyXNNdxshBMoGdeuMKCNvnozlf8Sx&amp;index=30">31) Las Mujeres del Cua</a></h4>



<h4><a href="https://www.youtube.com/watch?v=nA2-ouDrMzU&amp;list=PLhHLUyXNNdxshBMoGdeuMKCNvnozlf8Sx&amp;index=31">32) Grupo Pancasán &#8211; Maria Rural</a></h4>



<h4><a href="https://www.youtube.com/watch?v=SbVq5tB_egc&amp;list=PLhHLUyXNNdxshBMoGdeuMKCNvnozlf8Sx&amp;index=32">33) La Misa Campesina &#8211; «Canto De Meditacion» &#8211; Version Poo &#8211; Internacional &#8211; 1979</a></h4>



<h4><a href="https://www.youtube.com/watch?v=-1atJNmTceU&amp;list=PLhHLUyXNNdxshBMoGdeuMKCNvnozlf8Sx&amp;index=33">34) Chabuca Granda El Fusil del Poeta es una rosa</a></h4>



<h4><a href="https://www.youtube.com/watch?v=Ycr_hZCMRLo&amp;list=PLhHLUyXNNdxshBMoGdeuMKCNvnozlf8Sx&amp;index=34">35) Rafo Raez / Los Regalos del Viento</a></h4>



<h4><a href="https://www.youtube.com/watch?v=4gOZ0zGFge4&amp;list=PLhHLUyXNNdxshBMoGdeuMKCNvnozlf8Sx&amp;index=35">36) voz propia/lentes amarillos</a></h4>



<h4><a href="https://www.youtube.com/watch?v=uBXOhYt0pHE&amp;list=PLhHLUyXNNdxshBMoGdeuMKCNvnozlf8Sx&amp;index=36">37) La Paz y La Dicha &#8211; Papa Chacalon</a></h4>



<h4><a href="https://www.youtube.com/watch?v=aafB_jPfQvU&amp;list=PLhHLUyXNNdxshBMoGdeuMKCNvnozlf8Sx&amp;index=37">38) Flor de Retama &#8211; Martina Portocarrero</a></h4>



<h4><a href="https://www.youtube.com/watch?v=2aZ2jpbSzbQ&amp;list=PLhHLUyXNNdxshBMoGdeuMKCNvnozlf8Sx&amp;index=38">39) No Basta Rezar</a></h4>



<h4><a href="https://www.youtube.com/watch?v=MUaBfWTQOMQ&amp;list=PLhHLUyXNNdxshBMoGdeuMKCNvnozlf8Sx&amp;index=39">40) Carnaval Day &#8211; Walter Ferguson</a></h4>



<h4><a href="https://www.youtube.com/watch?v=_Qt6PXwvmWY&amp;list=PLhHLUyXNNdxshBMoGdeuMKCNvnozlf8Sx&amp;index=40">41) Carey y Arena &#8211; Versión en alta calidad</a></h4>



<h4><a href="https://www.youtube.com/watch?v=YqlRDOkxYFk&amp;list=PLhHLUyXNNdxshBMoGdeuMKCNvnozlf8Sx&amp;index=41">42) Casa Abierta</a></h4>



<h4><a href="https://www.youtube.com/watch?v=WOlrB8rMtZs&amp;list=PLhHLUyXNNdxshBMoGdeuMKCNvnozlf8Sx&amp;index=42">43) Yolocamba Ita Regalo Para Un Niño</a></h4>



<h4><a href="https://www.youtube.com/watch?v=ek6Qu24ej8A&amp;list=PLhHLUyXNNdxshBMoGdeuMKCNvnozlf8Sx&amp;index=43">44) Poema De Amor (Roque Dalton 1935-1975) EL SALVADOR COMPATRIOTAS (HD LIMPIO)</a></h4>



<h4><a href="https://www.youtube.com/watch?v=spmstIR245A&amp;list=PLhHLUyXNNdxshBMoGdeuMKCNvnozlf8Sx&amp;index=44">45) Jorge Isaac Carvallo &#8211; Campesino Aprende a Leer43) Jorge Isaac Carvallo &#8211; Campesino Aprende a Leer</a></h4>



<h4><a href="https://www.youtube.com/watch?v=Yjx7IBhpCR4&amp;list=PLhHLUyXNNdxshBMoGdeuMKCNvnozlf8Sx&amp;index=45">46)Nelson Ávalos &#8211; Lengua del mundo</a></h4>



<h4><a href="https://www.youtube.com/watch?v=-UkAKZ72Jf0&amp;list=PLhHLUyXNNdxshBMoGdeuMKCNvnozlf8Sx&amp;index=46">47)Nelson Ávalos &#8211; La dominguera</a></h4>

<p>1)Vivir Quintana &#8211; Canción sin miedo ft. El Palomar 2) La Marcha Del Macizo 3) Himno de la Guardia Indígena &#8211; Guardia Fuerza ft. Andrea Echeverry, Ali Aka Mind, Chane&#8230; <a href="https://redalforja.org.gt/mediateca/musicas-de-historias-comunes/">Leer más &raquo;</a></p>
