{"id":173,"date":"2018-07-02T21:56:29","date_gmt":"2018-07-02T21:56:29","guid":{"rendered":"https:\/\/redalforja.org.gt\/libros\/?post_type=al_product&#038;p=173"},"modified":"2018-07-06T20:35:15","modified_gmt":"2018-07-06T20:35:15","slug":"repensando-la-economia-en-tiempos-de-crisis","status":"publish","type":"al_product","link":"https:\/\/redalforja.org.gt\/libros\/?producto=repensando-la-economia-en-tiempos-de-crisis","title":{"rendered":"REPENSANDO LA ECONOM\u00cdA EN TIEMPOS DE CRISIS"},"content":{"rendered":"<p>La Red Alforja, desde la Comisi\u00f3n de G\u00e9nero, Relaciones de Poder y Cultura adhiere y acompa\u00f1a este esfuerzo, fortaleciendo las resistencias de las mujeres, desde la educaci\u00f3n popular. Aportando a la formaci\u00f3n de nuevos liderazgos entre las mujeres y favoreciendo espacios de reflexi\u00f3n en torno a liderazgos de las mujeres m\u00e1s integrales, sanadores y potenciadores de su protagonismo personal y colectivo.<\/p>\n<p>Las agendas econ\u00f3micas de las mujeres cobran especial relevancia en tiempos de crisis. En primer lugar, porque aunque a la econom\u00eda, a\u00fan en sus versiones m\u00e1s alternativas y progresistas, le resulte tan dif\u00edcil de entender, las mujeres afirmamos que siempre hemos estado en crisis. Especialmente las mujeres de clases medias, pobres y en pobreza extrema. Sobre todo las dos \u00faltimas, cada vez son m\u00e1s en nuestros pa\u00edses.<\/p>\n","protected":false},"excerpt":{"rendered":"<p>Memoria: Agendas econ\u00f3micas de las mujeres en Mesoam\u00e9rica<\/p>\n","protected":false},"featured_media":174,"template":"","meta":{"_thumbnail_id":174,"_price":1},"al_product-cat":[26,24],"_links":{"self":[{"href":"https:\/\/redalforja.org.gt\/libros\/index.php?rest_route=\/wp\/v2\/al_product\/173"}],"collection":[{"href":"https:\/\/redalforja.org.gt\/libros\/index.php?rest_route=\/wp\/v2\/al_product"}],"about":[{"href":"https:\/\/redalforja.org.gt\/libros\/index.php?rest_route=\/wp\/v2\/types\/al_product"}],"wp:featuredmedia":[{"embeddable":true,"href":"https:\/\/redalforja.org.gt\/libros\/index.php?rest_route=\/wp\/v2\/media\/174"}],"wp:attachment":[{"href":"https:\/\/redalforja.org.gt\/libros\/index.php?rest_route=%2Fwp%2Fv2%2Fmedia&parent=173"}],"wp:term":[{"taxonomy":"al_product-cat","embeddable":true,"href":"https:\/\/redalforja.org.gt\/libros\/index.php?rest_route=%2Fwp%2Fv2%2Fal_product-cat&post=173"}],"curies":[{"name":"wp","href":"https:\/\/api.w.org\/{rel}","templated":true}]}}

REPENSANDO LA ECONOMÍA EN TIEMPOS DE CRISIS

<p>La Red Alforja, desde la Comisión de Género, Relaciones de Poder y Cultura adhiere y acompaña este esfuerzo, fortaleciendo las resistencias de las mujeres, desde la educación popular. Aportando a la formación de nuevos liderazgos entre las mujeres y favoreciendo espacios de reflexión en torno a liderazgos de las mujeres más integrales, sanadores y potenciadores de su protagonismo personal y colectivo.</p>
<p>Las agendas económicas de las mujeres cobran especial relevancia en tiempos de crisis. En primer lugar, porque aunque a la economía, aún en sus versiones más alternativas y progresistas, le resulte tan difícil de entender, las mujeres afirmamos que siempre hemos estado en crisis. Especialmente las mujeres de clases medias, pobres y en pobreza extrema. Sobre todo las dos últimas, cada vez son más en nuestros países.</p>

<p>Memoria: Agendas económicas de las mujeres en Mesoamérica</p>
