{"id":134,"date":"2018-06-22T03:23:14","date_gmt":"2018-06-22T03:23:14","guid":{"rendered":"https:\/\/redalforja.org.gt\/libros\/?post_type=al_product&#038;p=134"},"modified":"2018-07-01T03:20:13","modified_gmt":"2018-07-01T03:20:13","slug":"paulo-freire-entre-nosotros","status":"publish","type":"al_product","link":"https:\/\/redalforja.org.gt\/libros\/?producto=paulo-freire-entre-nosotros","title":{"rendered":"PAULO FREIRE ENTRE NOSOTROS"},"content":{"rendered":"<p>Una colecci\u00f3n de an\u00e1lisis, sistematizaci\u00f3n y recuperaci\u00f3n de lo m\u00e1s importante<br \/>\nde lo mejor de la pedagog\u00eda y acci\u00f3n social cubana con el pensamiento de la<br \/>\neducaci\u00f3n popular latinoamericana, cuyo principal inspirador ha sido Freire. Es<br \/>\nun texto para invitar a la acci\u00f3n transformadora, a la multiplicaci\u00f3n de las<br \/>\npreguntas, a la pedagogizaci\u00f3n de los conflictos y la democratizaci\u00f3n de<br \/>\nnuestras organizaciones y de la sociedad. Realizado por Educadores<br \/>\nCubanos, sirve como un texto de divulgaci\u00f3n para acercar la<br \/>\nobra de Freire a otros sectores que luchan por un mundo globalizado m\u00e1s<br \/>\njusto, \u00e9tico y solidario<\/p>\n","protected":false},"excerpt":{"rendered":"<p>Una colecci\u00f3n de an\u00e1lisis, sistematizaci\u00f3n y recuperaci\u00f3n de lo m\u00e1s importante de lo mejor de la pedagog\u00eda y acci\u00f3n social cubana con el pensamiento de la educaci\u00f3n popular latinoamericana, cuyo principal inspirador ha sido Freire. Es un texto para invitar a la acci\u00f3n transformadora, a la multiplicaci\u00f3n de las preguntas, a la pedagogizaci\u00f3n de los [&hellip;]<\/p>\n","protected":false},"featured_media":145,"template":"","meta":{"_thumbnail_id":145,"_price":3},"al_product-cat":[21,19],"_links":{"self":[{"href":"https:\/\/redalforja.org.gt\/libros\/index.php?rest_route=\/wp\/v2\/al_product\/134"}],"collection":[{"href":"https:\/\/redalforja.org.gt\/libros\/index.php?rest_route=\/wp\/v2\/al_product"}],"about":[{"href":"https:\/\/redalforja.org.gt\/libros\/index.php?rest_route=\/wp\/v2\/types\/al_product"}],"wp:featuredmedia":[{"embeddable":true,"href":"https:\/\/redalforja.org.gt\/libros\/index.php?rest_route=\/wp\/v2\/media\/145"}],"wp:attachment":[{"href":"https:\/\/redalforja.org.gt\/libros\/index.php?rest_route=%2Fwp%2Fv2%2Fmedia&parent=134"}],"wp:term":[{"taxonomy":"al_product-cat","embeddable":true,"href":"https:\/\/redalforja.org.gt\/libros\/index.php?rest_route=%2Fwp%2Fv2%2Fal_product-cat&post=134"}],"curies":[{"name":"wp","href":"https:\/\/api.w.org\/{rel}","templated":true}]}}

<p>Una colección de análisis, sistematización y recuperación de lo más importante<br />
de lo mejor de la pedagogía y acción social cubana con el pensamiento de la<br />
educación popular latinoamericana, cuyo principal inspirador ha sido Freire. Es<br />
un texto para invitar a la acción transformadora, a la multiplicación de las<br />
preguntas, a la pedagogización de los conflictos y la democratización de<br />
nuestras organizaciones y de la sociedad. Realizado por Educadores<br />
Cubanos, sirve como un texto de divulgación para acercar la<br />
obra de Freire a otros sectores que luchan por un mundo globalizado más<br />
justo, ético y solidario</p>

<p>Una colección de análisis, sistematización y recuperación de lo más importante de lo mejor de la pedagogía y acción social cubana con el pensamiento de la educación popular latinoamericana, cuyo principal inspirador ha sido Freire. Es un texto para invitar a la acción transformadora, a la multiplicación de las preguntas, a la pedagogización de los [&hellip;]</p>
