{"id":132,"date":"2018-06-22T03:21:44","date_gmt":"2018-06-22T03:21:44","guid":{"rendered":"https:\/\/redalforja.org.gt\/libros\/?post_type=al_product&#038;p=132"},"modified":"2018-07-01T03:20:56","modified_gmt":"2018-07-01T03:20:56","slug":"500-anos-reportaje-a-nuestra-america","status":"publish","type":"al_product","link":"https:\/\/redalforja.org.gt\/libros\/?producto=500-anos-reportaje-a-nuestra-america","title":{"rendered":"500 A\u00d1OS: REPORTAJE A NUESTRA AM\u00c9RICA"},"content":{"rendered":"<p>Novedosa recopilaci\u00f3n de testimonios de nuestros pueblos y de diversas\u00a0personalidades de la vida social, pol\u00edtica, religiosa y cultura de Am\u00e9rica\u00a0Latina, del presente y del pasado hist\u00f3rico, editada con el prop\u00f3sito de que\u00a0sigamos concretando nuestro pensamiento en acci\u00f3n, compromiso y<br \/>\nb\u00fasqueda de la utop\u00eda que nos garantice un continente donde nadie pueda\u00a0decidir por otros.<\/p>\n","protected":false},"excerpt":{"rendered":"<p>Novedosa recopilaci\u00f3n de testimonios de nuestros pueblos y de diversas\u00a0personalidades de la vida social, pol\u00edtica, religiosa y cultura de Am\u00e9rica\u00a0Latina, del presente y del pasado hist\u00f3rico, editada con el prop\u00f3sito de que\u00a0sigamos concretando nuestro pensamiento en acci\u00f3n, compromiso y b\u00fasqueda de la utop\u00eda que nos garantice un continente donde nadie pueda\u00a0decidir por otros.<\/p>\n","protected":false},"featured_media":146,"template":"","meta":{"_thumbnail_id":146,"_price":3},"al_product-cat":[22],"_links":{"self":[{"href":"https:\/\/redalforja.org.gt\/libros\/index.php?rest_route=\/wp\/v2\/al_product\/132"}],"collection":[{"href":"https:\/\/redalforja.org.gt\/libros\/index.php?rest_route=\/wp\/v2\/al_product"}],"about":[{"href":"https:\/\/redalforja.org.gt\/libros\/index.php?rest_route=\/wp\/v2\/types\/al_product"}],"wp:featuredmedia":[{"embeddable":true,"href":"https:\/\/redalforja.org.gt\/libros\/index.php?rest_route=\/wp\/v2\/media\/146"}],"wp:attachment":[{"href":"https:\/\/redalforja.org.gt\/libros\/index.php?rest_route=%2Fwp%2Fv2%2Fmedia&parent=132"}],"wp:term":[{"taxonomy":"al_product-cat","embeddable":true,"href":"https:\/\/redalforja.org.gt\/libros\/index.php?rest_route=%2Fwp%2Fv2%2Fal_product-cat&post=132"}],"curies":[{"name":"wp","href":"https:\/\/api.w.org\/{rel}","templated":true}]}}

500 AÑOS: REPORTAJE A NUESTRA AMÉRICA

<p>Novedosa recopilación de testimonios de nuestros pueblos y de diversas personalidades de la vida social, política, religiosa y cultura de América Latina, del presente y del pasado histórico, editada con el propósito de que sigamos concretando nuestro pensamiento en acción, compromiso y<br />
búsqueda de la utopía que nos garantice un continente donde nadie pueda decidir por otros.</p>

<p>Novedosa recopilación de testimonios de nuestros pueblos y de diversas personalidades de la vida social, política, religiosa y cultura de América Latina, del presente y del pasado histórico, editada con el propósito de que sigamos concretando nuestro pensamiento en acción, compromiso y búsqueda de la utopía que nos garantice un continente donde nadie pueda decidir por otros.</p>
